the highest common factor of 1948133 and 899?
899
What is the greatest common divisor of 8585 and 1883549?
1717
What is the greatest common factor of 1964186 and 614?
614
Calculate the greatest common factor of 53879 and 301.
301
What is the greatest common divisor of 42972 and 15?
3
What is the greatest common factor of 13 and 5019820?
13
What is the greatest common divisor of 2030 and 4310?
10
What is the highest common divisor of 312586 and 146?
146
What is the highest common factor of 390 and 21486?
6
What is the greatest common factor of 1160 and 2726870?
290
What is the highest common factor of 27 and 2331?
9
What is the highest common divisor of 5390 and 105?
35
What is the greatest common divisor of 136896 and 15686?
1426
What is the highest common factor of 48 and 979328?
16
Calculate the highest common factor of 1835694 and 119.
119
Calculate the greatest common divisor of 119 and 6953.
17
What is the highest common divisor of 32048 and 368?
16
What is the highest common divisor of 41 and 394?
1
What is the highest common factor of 132 and 5181?
33
Calculate the greatest common divisor of 22 and 2682262.
22
Calculate the highest common factor of 22 and 1244430.
22
Calculate the highest common divisor of 430848 and 3060.
612
What is the greatest common factor of 1528133 and 142?
71
What is the greatest common factor of 2540 and 270?
10
What is the highest common divisor of 2 and 95806?
2
What is the greatest common factor of 35 and 371?
7
What is the highest common divisor of 10410 and 180?
30
Calculate the highest common divisor of 48 and 5142832.
16
What is the highest common factor of 167255 and 616?
11
Calculate the greatest common factor of 11026 and 185.
37
What is the greatest common factor of 85631 and 91?
91
What is the highest common factor of 9690 and 8790?
30
What is the greatest common factor of 645 and 960?
15
Calculate the greatest common divisor of 9 and 107085.
3
What is the highest common factor of 44309 and 45811?
751
Calculate the greatest common factor of 2625525 and 11025.
1575
What is the greatest common factor of 3030906 and 348?
174
What is the greatest common factor of 6 and 32694?
6
Calculate the highest common factor of 2968 and 371.
371
Calculate the greatest common factor of 70375 and 375.
125
What is the highest common divisor of 27009 and 36?
9
What is the greatest common factor of 1590215 and 55?
55
Calculate the highest common divisor of 3464 and 4096.
8
What is the highest common factor of 236 and 465510?
118
What is the highest common factor of 140100 and 600?
300
Calculate the highest common factor of 374 and 85459.
187
Calculate the greatest common divisor of 675990 and 90.
90
What is the greatest common divisor of 3606 and 248?
2
What is the highest common factor of 102 and 2012154?
102
What is the highest common factor of 67056 and 6468?
132
What is the highest common divisor of 11777 and 1?
1
What is the greatest common factor of 4713152 and 64?
64
What is the greatest common divisor of 4970613 and 204?
51
Calculate the highest common divisor of 1000925 and 25.
25
Calculate the highest common divisor of 96 and 490398.
6
Calculate the greatest common divisor of 28990 and 3770.
130
Calculate the greatest common divisor of 71 and 161951.
71
What is the highest common factor of 10706 and 118?
2
Calculate the greatest common divisor of 395072 and 32.
32
What is the greatest common factor of 80440 and 20?
20
Calculate the highest common factor of 168 and 153300.
84
Calculate the highest common divisor of 5664723 and 3162.
1581
Calculate the greatest common factor of 2873 and 663.
221
What is the highest common factor of 77916 and 774?
258
What is the greatest common factor of 412 and 84?
4
Calculate the greatest common divisor of 1224 and 32184.
72
What is the highest common divisor of 1717 and 2397?
17
What is the greatest common factor of 640 and 2288?
16
What is the greatest common factor of 2065 and 175112?
413
Calculate the greatest common divisor of 318117 and 57.
57
Calculate the greatest common factor of 176404 and 4.
4
What is the greatest common divisor of 367964 and 2144?
268
What is the highest common divisor of 24736 and 120?
8
What is the greatest common factor of 10449 and 2916?
243
Calculate the greatest common factor of 391257 and 10110.
1011
Calculate the highest common divisor of 3233 and 244.
61
Calculate the highest common divisor of 56200 and 200.
200
Calculate the highest common factor of 86 and 1168.
2
What is the highest common divisor of 2403 and 3591?
27
What is the greatest common divisor of 41 and 7093?
41
What is the greatest common factor of 38855 and 760?
95
What is the highest common divisor of 82916 and 76?
76
What is the highest common factor of 384 and 9888?
96
What is the greatest common divisor of 10395 and 50490?
1485
What is the highest common factor of 6008 and 248?
8
What is the highest common divisor of 4484 and 4956?
236
What is the greatest common factor of 5679 and 21?
3
What is the highest common divisor of 33 and 517066?
11
Calculate the greatest common factor of 1128 and 313208.
376
What is the highest common divisor of 222630 and 328?
82
Calculate the highest common divisor of 60 and 91530.
30
Calculate the greatest common factor of 839335 and 20.
5
Calculate the greatest common factor of 2081937 and 211.
211
What is the highest common divisor of 47280 and 630?
30
Calculate the greatest common factor of 2121903 and 81.
27
What is the greatest common factor of 2940 and 1185?
15
Calculate the greatest common factor of 16739 and 798.
19
What is the greatest common factor of 45 and 93045?
15
Calculate the greatest common factor of 531 and 3501.
9
Calculate the highest common factor of 3441 and 21756.
111
Calculate the highest common factor of 43844 and 2260.
452
What is the highest common divisor of 6895 and 245?
35
Calculate the greatest common factor of 600 and 46584.
24
Calculate the highest common divisor of 11493 and 3.
3
What is the highest common factor of 240 and 39504?
48
What is the highest common divisor of 66 and 63822?
66
Calculate the highest common divisor of 71724 and 946.
86
What is the greatest common factor of 831952 and 187?
11
Calculate the greatest common divisor of 46 and 248078.
46
What is the greatest common factor of 357 and 24752?
119
Calculate the highest common factor of 337 and 2137591.
337
Calculate the highest common factor of 332 and 151558.
166
What is the highest common divisor of 87 and 196591?
29
Calculate the highest common divisor of 243 and 579393.
81
What is the highest common factor of 156 and 923?
13
Calculate the highest common divisor of 6 and 49254.
6
Calculate the greatest common divisor of 956764 and 152.
76
Calculate the greatest common divisor of 12285 and 1503.
9
What is the greatest common factor of 56181 and 14701?
61
Calculate the highest common factor of 33130 and 20.
10
Calculate the greatest common divisor of 105 and 72660.
105
Calculate the highest common factor of 218 and 78153.
109
Calculate the greatest common factor of 94170 and 387.
129
What is the highest common factor of 1309 and 847?
77
What is the highest common divisor of 23664 and 18?
6
Calculate the greatest common divisor of 471072 and 42.
42
Calculate the highest common divisor of 8146852 and 56.
28
Calculate the highest common divisor of 4796 and 436.
436
Calculate the greatest common factor of 286 and 137786.
22
What is the highest common divisor of 133 and 28434?
7
What is the greatest common divisor of 750 and 26295?
15
What is the highest common factor of 14 and 44842?
14
What is the highest common divisor of 8043 and 84?
21
What is the greatest common divisor of 18 and 823?
1
What is the greatest common divisor of 370270 and 1821?
607
What is the highest common divisor of 273 and 1652469?
273
Calculate the greatest common factor of 12937 and 612.
17
What is the highest common factor of 1902 and 661262?
634
Calculate the greatest common factor of 127842 and 10582.
286
What is the highest common factor of 4479 and 3?
3
What is the highest common divisor of 2628 and 33872?
292
Calculate the highest common factor of 78 and 3678.
6
Calculate the highest common factor of 16 and 1640368.
16
Calculate the greatest common divisor of